{"id":23,"date":"2019-04-27T17:42:17","date_gmt":"2019-04-27T15:42:17","guid":{"rendered":"http:\/\/www.paroleetcoupdetheatre.fr\/?page_id=23"},"modified":"2026-02-14T10:05:05","modified_gmt":"2026-02-14T09:05:05","slug":"ateliers","status":"publish","type":"page","link":"https:\/\/www.paroleetcoupdetheatre.fr\/index.php\/ateliers\/","title":{"rendered":"Ateliers"},"content":{"rendered":"\n<h2 class=\"wp-block-heading\">Venez nous rejoindre&#8230;<\/h2>\n\n\n\n<p>L\u2019Association <em>Parole et Coup de Th\u00e9\u00e2tre<\/em> vous accueille \u00e0 la rentr\u00e9e 2018 pour des ateliers hebdomadaires de pratique th\u00e9\u00e2trale.<\/p>\n\n\n\n<p>Les cours de th\u00e9\u00e2tre sont encadr\u00e9s par un professionnel&nbsp; Karim Arrim, \u200bet un spectacle cl\u00f4ture la fin d\u2019ann\u00e9e.<\/p>\n\n\n\n<p>Les ateliers\ns\u2019adressent \u00e0 tous, quel que soit votre niveau, votre \u00e2ge et votre d\u00e9sir.<\/p>\n\n\n\n<p class=\"has-text-align-left has-large-font-size\"><strong>Devenez  l\u2019acteur que vous \u00eates.\ufeff<\/strong><\/p>\n\n\n\n<p>\u200bC\u2019est le fil conducteur qui guide notre approche du th\u00e9\u00e2tre avec vous. Et surtout : avoir du plaisir et de vous exprimer gr\u00e2ce au th\u00e9\u00e2tre !!!<\/p>\n\n\n\n<p>N&rsquo;h\u00e9sitez pas \u00e0 nous contacter par t\u00e9l\u00e9phone au 06 24 45 28 32<\/p>\n\n\n\n<h2 class=\"wp-block-heading\">Inscriptions<\/h2>\n\n\n\n<p>Pour\u200b votre inscription, merci de suivre cette d\u00e9marche et de remplir le formulaire contact \u00e0 cette page.<\/p>\n\n\n\n<p><strong>Les Ateliers se d\u00e9roulent :<\/strong><\/p>\n\n\n\n<p><strong>Les Lundis De 17h30 \u00e0 18h30 \u2013 Ateliers enfants<\/strong> <strong>8\/9\/10 ans<\/strong><\/p>\n\n\n\n<p><strong>Les Lundis De 18h45 \u00e0 19h45 \u2013 Ateliers Pr\u00e9-ados<\/strong> <strong>11\/12\/13 ans<\/strong><\/p>\n\n\n\n<p><strong>Les Mardis De 18h15 \u00e0 19h30 \u2013 Ateliers Ados <\/strong><\/p>\n\n\n\n<p><strong>Les Mardis De 20h \u00e0 22h \u2013 Ateliers adultes<\/strong><\/p>\n\n\n\n<pre class=\"wp-block-verse\">Tous les ateliers ont lieu principalement au th\u00e9\u00e2tre Jean Piat - 3 rue Joseph Lafon \u00e0 Canet-en-Roussillon.\nSauf cas exceptionnel dans une salle au Centre Communal d'Action Sociale - 1 rue Jean Mermoz \u00e0 Canet-en-Roussillon.<\/pre>\n\n\n\n<h2 class=\"wp-block-heading\">Tarifs 2025\/26 des ateliers<\/h2>\n\n\n\n<p>Ateliers adultes &#8211; 250\u20ac<\/p>\n\n\n\n<p>Ateliers enfants &#8211; 200\u20ac<\/p>\n\n\n\n<p>Ateliers ados &#8211; 200\u20ac<\/p>\n\n\n\n<p><\/p>\n\n\n\n<p><\/p>\n\n\n\n<p><\/p>\n","protected":false},"excerpt":{"rendered":"<p>Venez nous rejoindre&#8230; L\u2019Association Parole et Coup de Th\u00e9\u00e2tre vous accueille \u00e0 la rentr\u00e9e 2018 pour des ateliers hebdomadaires de pratique th\u00e9\u00e2trale. Les cours de th\u00e9\u00e2tre sont encadr\u00e9s par un professionnel&nbsp; Karim Arrim, \u200bet un spectacle cl\u00f4ture la fin d\u2019ann\u00e9e. Les ateliers s\u2019adressent \u00e0 tous, quel que soit votre niveau, [&hellip;]<\/p>\n","protected":false},"author":1,"featured_media":2117,"parent":0,"menu_order":0,"comment_status":"closed","ping_status":"closed","template":"","meta":{"_themeisle_gutenberg_block_has_review":false,"footnotes":""},"class_list":["post-23","page","type-page","status-publish","has-post-thumbnail","hentry"],"_links":{"self":[{"href":"https:\/\/www.paroleetcoupdetheatre.fr\/index.php\/wp-json\/wp\/v2\/pages\/23","targetHints":{"allow":["GET"]}}],"collection":[{"href":"https:\/\/www.paroleetcoupdetheatre.fr\/index.php\/wp-json\/wp\/v2\/pages"}],"about":[{"href":"https:\/\/www.paroleetcoupdetheatre.fr\/index.php\/wp-json\/wp\/v2\/types\/page"}],"author":[{"embeddable":true,"href":"https:\/\/www.paroleetcoupdetheatre.fr\/index.php\/wp-json\/wp\/v2\/users\/1"}],"replies":[{"embeddable":true,"href":"https:\/\/www.paroleetcoupdetheatre.fr\/index.php\/wp-json\/wp\/v2\/comments?post=23"}],"version-history":[{"count":15,"href":"https:\/\/www.paroleetcoupdetheatre.fr\/index.php\/wp-json\/wp\/v2\/pages\/23\/revisions"}],"predecessor-version":[{"id":2080,"href":"https:\/\/www.paroleetcoupdetheatre.fr\/index.php\/wp-json\/wp\/v2\/pages\/23\/revisions\/2080"}],"wp:featuredmedia":[{"embeddable":true,"href":"https:\/\/www.paroleetcoupdetheatre.fr\/index.php\/wp-json\/wp\/v2\/media\/2117"}],"wp:attachment":[{"href":"https:\/\/www.paroleetcoupdetheatre.fr\/index.php\/wp-json\/wp\/v2\/media?parent=23"}],"curies":[{"name":"wp","href":"https:\/\/api.w.org\/{rel}","templated":true}]}}