{"id":27,"date":"2025-04-13T09:07:41","date_gmt":"2025-04-13T07:07:41","guid":{"rendered":"http:\/\/www.paroleetcoupdetheatre.fr\/?page_id=27"},"modified":"2025-04-13T09:17:16","modified_gmt":"2025-04-13T07:17:16","slug":"spectacle","status":"publish","type":"page","link":"https:\/\/www.paroleetcoupdetheatre.fr\/index.php\/spectacle\/","title":{"rendered":"Spectacles"},"content":{"rendered":"\n<p class=\"has-black-color has-text-color has-link-color wp-elements-e3800c9c59f32042b2b79036bfe6fe37\"><strong>Spectacles adultes<\/strong>\u00a0en deux mouvements &#8211; <strong>Vendredi 13 Juin 2025 &#8211; 20h30 <\/strong><br>Th\u00e9\u00e2tre\u00a0Jean Piat &#8211; Canet-en-Roussillon &#8211; <br>Tarif\u00a07\u20ac sur r\u00e9servation au\u00a0 06 24 45 28 32<br>Places num\u00e9rot\u00e9es &#8211; Gratuit au moins de 12 ans.<br>Billetterie sur place le jour de la repr\u00e9sentation\u00a0(paiement par ch\u00e8que ou esp\u00e8ces uniquement)<\/p>\n\n\n\n<blockquote class=\"wp-block-quote is-layout-flow wp-block-quote-is-layout-flow\">\n<p><strong>Les pas perdus de Denise Bonal <\/strong><\/p>\n\n\n\n<h2 class=\"wp-block-heading\">Une pi\u00e8ce de th\u00e9\u00e2tre originale et intimiste <\/h2>\n\n\n\n<p><strong><em>Une gare. Un lieu de transit ou de rencontre, de fuite ou de retrouvailles, de perdition ou de travail ordinaire &#8211; oserais-je dire de train-train quotidien? C\u2019est un spectacle rempli de personnages comme nous les aimons : dr\u00f4les, sensibles, cocasses vivants. <\/em><\/strong><\/p>\n\n\n\n<p>Lieu des au revoir et des adieux, lieu aux histoires meurtries, aux d\u00e9cisions d\u00e9cousues, aux envols vainqueurs, lieu de toutes les souffrances, de toutes les interrogations et de tous les espoirs, lieu des larmes chaudes et des serments h\u00e2tifs, lieu des derniers sourires, des paroles qu&rsquo;on n&rsquo;oubliera jamais et des baisers donn\u00e9s pour la vie, voici la gare. La gare d\u00e9clin\u00e9e sous toutes ses formes, de la plus banale \u00e0 la plus inattendue, grouillante d&rsquo;humanit\u00e9. Une multitude de trajectoires individuelles juxtapos\u00e9es par la magie du th\u00e9\u00e2tre. <\/p>\n\n\n\n<p><strong>Ma main droite de Gilles Moraton <\/strong><\/p>\n\n\n\n<h2 class=\"wp-block-heading\">Dialogues et monologues autour de ma cousine Danielle <\/h2>\n\n\n\n<p><strong><em>Sous ce titre, \u00e9trange et ambigu, se cache un recueil de dialogues et monologues pour la sc\u00e8ne \u00e0 la fois ind\u00e9pendants et solidaires car travers\u00e9s par la figure r\u00e9currente et myst\u00e9rieuse de \u00ab ma cousine Danielle \u00bb. <\/em><\/strong><\/p>\n\n\n\n<p>On pourrait se pr\u00eater \u00e0 un inventaire \u00e0 la Pr\u00e9vert pour \u00e9voquer l&rsquo;univers que propose Moraton : un saumon, la tristesse de la Pologne, des boulons \u00e0 resserrer, un psychanalyste dans une gare, et aussi, et surtout cette fameuse cousine Danielle, celle des fantasmes, celle des agacements, celle des d\u00e9chirements\u2026 Ma main droite permet une plong\u00e9e entre burlesque et surr\u00e9alisme, entre une \u00e9motion qui guette au coin des souvenirs et une dr\u00f4lerie toujours pr\u00e9sente. On se croirait devant un tableau de Dali : une apparence de folie l\u00e9g\u00e8re et amusante avec un arri\u00e8re-fond plus noir et inqui\u00e9tant. Un auteur \u00e0 d\u00e9couvrir, une bo\u00eete \u00e0 jouer magique, \u00e0 ouvrir en urgence pour un vrai plaisir de th\u00e9\u00e2tre.<\/p>\n<\/blockquote>\n\n\n<div class=\"wp-block-image\">\n<figure class=\"aligncenter size-full\"><img loading=\"lazy\" decoding=\"async\" width=\"1385\" height=\"917\" src=\"http:\/\/www.paroleetcoupdetheatre.fr\/wp-content\/uploads\/2024\/11\/adulte.jpg\" alt=\"\" class=\"wp-image-2029\" srcset=\"https:\/\/www.paroleetcoupdetheatre.fr\/wp-content\/uploads\/2024\/11\/adulte.jpg 1385w, https:\/\/www.paroleetcoupdetheatre.fr\/wp-content\/uploads\/2024\/11\/adulte-300x199.jpg 300w, https:\/\/www.paroleetcoupdetheatre.fr\/wp-content\/uploads\/2024\/11\/adulte-1024x678.jpg 1024w, https:\/\/www.paroleetcoupdetheatre.fr\/wp-content\/uploads\/2024\/11\/adulte-768x508.jpg 768w\" sizes=\"auto, (max-width: 1385px) 100vw, 1385px\" \/><\/figure>\n<\/div>\n\n\n<p class=\"has-text-align-center\"><strong>Spectacle en trois mouvements <\/strong><br><strong>Atelier enfants Atelier Adolescents Atelier Jeunes<\/strong><\/p>\n\n\n\n<p><strong>Samedi 14 Juin 2025 \u00e0 14h 30<\/strong><br>Th\u00e9\u00e2tre Jean Piat,\u00a0<strong> <\/strong>Canet-en-Roussillon<br>Spectacles \u00ab\u00a0Enfants- Ados\u00a0\u00bb &#8211; Gratuit pour les moins de 12 ans et 5\u20ac participation aux frais de l&rsquo;Association. Placement libre.<\/p>\n\n\n\n<blockquote class=\"wp-block-quote is-layout-flow wp-block-quote-is-layout-flow\">\n<h1 class=\"wp-block-heading has-medium-font-size\">Les Cinq dits des clowns au Prince De Jean-Paul Al\u00e8gre<\/h1>\n\n\n\n<p>Les cinq dits des clowns au Prince : Dans son pays, le prince a d\u00e9cid\u00e9 de supprimer tous les m\u00e9tiers artistiques. Tous ceux qui les pratiquaient ont trois jours pour se reconvertir\u2026 Mais deux clowns, Caramel et Chocolat refusent et se r\u00e9fugient dans la for\u00eat\u2026 D\u2019autres artistes viennent les rejoindre. le prince leur donne cinq chances, cinq dit, pour qu&rsquo;ils puissent prouver leur utilit\u00e9 dans la soci\u00e9t\u00e9, afin de la faire changer d&rsquo;avis\u2026<\/p>\n<\/blockquote>\n\n\n<div class=\"wp-block-image\">\n<figure class=\"aligncenter size-full\"><img loading=\"lazy\" decoding=\"async\" width=\"1386\" height=\"800\" src=\"http:\/\/www.paroleetcoupdetheatre.fr\/wp-content\/uploads\/2024\/11\/enfant.jpg\" alt=\"\" class=\"wp-image-2033\" srcset=\"https:\/\/www.paroleetcoupdetheatre.fr\/wp-content\/uploads\/2024\/11\/enfant.jpg 1386w, https:\/\/www.paroleetcoupdetheatre.fr\/wp-content\/uploads\/2024\/11\/enfant-300x173.jpg 300w, https:\/\/www.paroleetcoupdetheatre.fr\/wp-content\/uploads\/2024\/11\/enfant-1024x591.jpg 1024w, https:\/\/www.paroleetcoupdetheatre.fr\/wp-content\/uploads\/2024\/11\/enfant-768x443.jpg 768w\" sizes=\"auto, (max-width: 1386px) 100vw, 1386px\" \/><\/figure>\n<\/div>\n\n\n<blockquote class=\"wp-block-quote is-layout-flow wp-block-quote-is-layout-flow\">\n<p><strong>Atelier Adolescents <\/strong><\/p>\n\n\n\n<h2 class=\"wp-block-heading\">La Vraie Fianc\u00e9e D&rsquo;Olivier PY <\/h2>\n\n\n\n<p><strong><em>Une histoire d&rsquo;amour lyrique, faite d&#8217;emprunts aux contes des fr\u00e8res Grimm mais \u00e9galement aux classiques du th\u00e9\u00e2tre. <\/em><\/strong><\/p>\n\n\n\n<p>Cela fait un an que la m\u00e8re de la Jeune Fille est morte, et ce jour-l\u00e0, le P\u00e8re revient avec sa nouvelle \u00e9pouse. La Mar\u00e2tre impose \u00e0 la Jeune Fille des \u00e9preuves impossibles avant de la chasser dans la for\u00eat. La Jeune Fille y rencontre le Prince, qui promet de revenir bient\u00f4t la chercher pour l&rsquo;\u00e9pouser. Mais il croise la route de la Mar\u00e2tre, qui lui fait boire l&rsquo;eau de l&rsquo;oubli. Apr\u00e8s de nombreux\u2026 <\/p>\n\n\n\n<p><strong>Atelier Jeunes <\/strong><\/p>\n\n\n\n<h2 class=\"wp-block-heading\">La Ballade des planches De Jean-Paul Al\u00e8gre <\/h2>\n\n\n\n<p><strong><em>Les sayn\u00e8tes tour \u00e0 tour humoristiques, piquantes, color\u00e9es et po\u00e9tiques qui composent \u00ab\u00a0La Ballade des planches\u00a0\u00bb sont un brillant hommage rendu au th\u00e9\u00e2tre.<\/em><\/strong> <\/p>\n\n\n\n<p>En une s\u00e9rie de courtes pi\u00e8ces, La Ballade des planches visite l\u2019univers du th\u00e9\u00e2tre. Au rythme des saisons th\u00e9\u00e2trales s\u2019encha\u00eenent les sc\u00e8nes de r\u00e9p\u00e9titions des com\u00e9diens, les derniers pr\u00e9paratifs avant de monter sur les planches, les ultimes raccords d\u2019un metteur en sc\u00e8ne capricieux mais aussi la complainte d\u2019un tube de fond de teint \u00e9gar\u00e9, la danse d\u2019un vieux rideau affol\u00e9, d\u2019un costume ensorcel\u00e9 et de bien d\u2019autres accessoires encore\u2026<\/p>\n<\/blockquote>\n\n\n<div class=\"wp-block-image\">\n<figure class=\"aligncenter size-full\"><img loading=\"lazy\" decoding=\"async\" width=\"1385\" height=\"917\" src=\"http:\/\/www.paroleetcoupdetheatre.fr\/wp-content\/uploads\/2024\/11\/preado.jpg\" alt=\"\" class=\"wp-image-2031\" srcset=\"https:\/\/www.paroleetcoupdetheatre.fr\/wp-content\/uploads\/2024\/11\/preado.jpg 1385w, https:\/\/www.paroleetcoupdetheatre.fr\/wp-content\/uploads\/2024\/11\/preado-300x199.jpg 300w, https:\/\/www.paroleetcoupdetheatre.fr\/wp-content\/uploads\/2024\/11\/preado-1024x678.jpg 1024w, https:\/\/www.paroleetcoupdetheatre.fr\/wp-content\/uploads\/2024\/11\/preado-768x508.jpg 768w\" sizes=\"auto, (max-width: 1385px) 100vw, 1385px\" \/><\/figure>\n<\/div>\n\n<div class=\"wp-block-image\">\n<figure class=\"aligncenter size-full is-resized\"><img loading=\"lazy\" decoding=\"async\" width=\"1385\" height=\"917\" src=\"http:\/\/www.paroleetcoupdetheatre.fr\/wp-content\/uploads\/2024\/11\/ado.jpg\" alt=\"\" class=\"wp-image-2036\" style=\"width:1143px;height:auto\" srcset=\"https:\/\/www.paroleetcoupdetheatre.fr\/wp-content\/uploads\/2024\/11\/ado.jpg 1385w, https:\/\/www.paroleetcoupdetheatre.fr\/wp-content\/uploads\/2024\/11\/ado-300x199.jpg 300w, https:\/\/www.paroleetcoupdetheatre.fr\/wp-content\/uploads\/2024\/11\/ado-1024x678.jpg 1024w, https:\/\/www.paroleetcoupdetheatre.fr\/wp-content\/uploads\/2024\/11\/ado-768x508.jpg 768w\" sizes=\"auto, (max-width: 1385px) 100vw, 1385px\" \/><\/figure>\n<\/div>","protected":false},"excerpt":{"rendered":"<p>Spectacles adultes\u00a0en deux mouvements &#8211; Vendredi 13 Juin 2025 &#8211; 20h30 Th\u00e9\u00e2tre\u00a0Jean Piat &#8211; Canet-en-Roussillon &#8211; Tarif\u00a07\u20ac sur r\u00e9servation au\u00a0 06 24 45 28 32Places num\u00e9rot\u00e9es &#8211; Gratuit au moins de 12 ans.Billetterie sur place le jour de la repr\u00e9sentation\u00a0(paiement par ch\u00e8que ou esp\u00e8ces uniquement) Les pas perdus de Denise [&hellip;]<\/p>\n","protected":false},"author":1,"featured_media":2036,"parent":0,"menu_order":0,"comment_status":"closed","ping_status":"closed","template":"","meta":{"_themeisle_gutenberg_block_has_review":false,"footnotes":""},"class_list":["post-27","page","type-page","status-publish","has-post-thumbnail","hentry"],"_links":{"self":[{"href":"https:\/\/www.paroleetcoupdetheatre.fr\/index.php\/wp-json\/wp\/v2\/pages\/27","targetHints":{"allow":["GET"]}}],"collection":[{"href":"https:\/\/www.paroleetcoupdetheatre.fr\/index.php\/wp-json\/wp\/v2\/pages"}],"about":[{"href":"https:\/\/www.paroleetcoupdetheatre.fr\/index.php\/wp-json\/wp\/v2\/types\/page"}],"author":[{"embeddable":true,"href":"https:\/\/www.paroleetcoupdetheatre.fr\/index.php\/wp-json\/wp\/v2\/users\/1"}],"replies":[{"embeddable":true,"href":"https:\/\/www.paroleetcoupdetheatre.fr\/index.php\/wp-json\/wp\/v2\/comments?post=27"}],"version-history":[{"count":19,"href":"https:\/\/www.paroleetcoupdetheatre.fr\/index.php\/wp-json\/wp\/v2\/pages\/27\/revisions"}],"predecessor-version":[{"id":2047,"href":"https:\/\/www.paroleetcoupdetheatre.fr\/index.php\/wp-json\/wp\/v2\/pages\/27\/revisions\/2047"}],"wp:featuredmedia":[{"embeddable":true,"href":"https:\/\/www.paroleetcoupdetheatre.fr\/index.php\/wp-json\/wp\/v2\/media\/2036"}],"wp:attachment":[{"href":"https:\/\/www.paroleetcoupdetheatre.fr\/index.php\/wp-json\/wp\/v2\/media?parent=27"}],"curies":[{"name":"wp","href":"https:\/\/api.w.org\/{rel}","templated":true}]}}

<p class="has-black-color has-text-color has-link-color wp-elements-e3800c9c59f32042b2b79036bfe6fe37"><strong>Spectacles adultes</strong> en deux mouvements &#8211; <strong>Vendredi 13 Juin 2025 &#8211; 20h30 </strong><br>Théâtre Jean Piat &#8211; Canet-en-Roussillon &#8211; <br>Tarif 7€ sur réservation au  06 24 45 28 32<br>Places numérotées &#8211; Gratuit au moins de 12 ans.<br>Billetterie sur place le jour de la représentation (paiement par chèque ou espèces uniquement)</p>



<blockquote class="wp-block-quote is-layout-flow wp-block-quote-is-layout-flow">
<p><strong>Les pas perdus de Denise Bonal </strong></p>



<h2 class="wp-block-heading">Une pièce de théâtre originale et intimiste </h2>



<p><strong><em>Une gare. Un lieu de transit ou de rencontre, de fuite ou de retrouvailles, de perdition ou de travail ordinaire &#8211; oserais-je dire de train-train quotidien? C’est un spectacle rempli de personnages comme nous les aimons : drôles, sensibles, cocasses vivants. </em></strong></p>



<p>Lieu des au revoir et des adieux, lieu aux histoires meurtries, aux décisions décousues, aux envols vainqueurs, lieu de toutes les souffrances, de toutes les interrogations et de tous les espoirs, lieu des larmes chaudes et des serments hâtifs, lieu des derniers sourires, des paroles qu&rsquo;on n&rsquo;oubliera jamais et des baisers donnés pour la vie, voici la gare. La gare déclinée sous toutes ses formes, de la plus banale à la plus inattendue, grouillante d&rsquo;humanité. Une multitude de trajectoires individuelles juxtaposées par la magie du théâtre. </p>



<p><strong>Ma main droite de Gilles Moraton </strong></p>



<h2 class="wp-block-heading">Dialogues et monologues autour de ma cousine Danielle </h2>



<p><strong><em>Sous ce titre, étrange et ambigu, se cache un recueil de dialogues et monologues pour la scène à la fois indépendants et solidaires car traversés par la figure récurrente et mystérieuse de « ma cousine Danielle ». </em></strong></p>



<p>On pourrait se prêter à un inventaire à la Prévert pour évoquer l&rsquo;univers que propose Moraton : un saumon, la tristesse de la Pologne, des boulons à resserrer, un psychanalyste dans une gare, et aussi, et surtout cette fameuse cousine Danielle, celle des fantasmes, celle des agacements, celle des déchirements… Ma main droite permet une plongée entre burlesque et surréalisme, entre une émotion qui guette au coin des souvenirs et une drôlerie toujours présente. On se croirait devant un tableau de Dali : une apparence de folie légère et amusante avec un arrière-fond plus noir et inquiétant. Un auteur à découvrir, une boîte à jouer magique, à ouvrir en urgence pour un vrai plaisir de théâtre.</p>
</blockquote>


<div class="wp-block-image">
<figure class="aligncenter size-full"><img loading="lazy" decoding="async" width="1385" height="917" src="http://www.paroleetcoupdetheatre.fr/wp-content/uploads/2024/11/adulte.jpg" alt="" class="wp-image-2029" srcset="https://www.paroleetcoupdetheatre.fr/wp-content/uploads/2024/11/adulte.jpg 1385w, https://www.paroleetcoupdetheatre.fr/wp-content/uploads/2024/11/adulte-300x199.jpg 300w, https://www.paroleetcoupdetheatre.fr/wp-content/uploads/2024/11/adulte-1024x678.jpg 1024w, https://www.paroleetcoupdetheatre.fr/wp-content/uploads/2024/11/adulte-768x508.jpg 768w" sizes="auto, (max-width: 1385px) 100vw, 1385px" /></figure>
</div>


<p class="has-text-align-center"><strong>Spectacle en trois mouvements </strong><br><strong>Atelier enfants Atelier Adolescents Atelier Jeunes</strong></p>



<p><strong>Samedi 14 Juin 2025 à 14h 30</strong><br>Théâtre Jean Piat, <strong> </strong>Canet-en-Roussillon<br>Spectacles « Enfants- Ados » &#8211; Gratuit pour les moins de 12 ans et 5€ participation aux frais de l&rsquo;Association. Placement libre.</p>



<blockquote class="wp-block-quote is-layout-flow wp-block-quote-is-layout-flow">
<h1 class="wp-block-heading has-medium-font-size">Les Cinq dits des clowns au Prince De Jean-Paul Alègre</h1>



<p>Les cinq dits des clowns au Prince : Dans son pays, le prince a décidé de supprimer tous les métiers artistiques. Tous ceux qui les pratiquaient ont trois jours pour se reconvertir… Mais deux clowns, Caramel et Chocolat refusent et se réfugient dans la forêt… D’autres artistes viennent les rejoindre. le prince leur donne cinq chances, cinq dit, pour qu&rsquo;ils puissent prouver leur utilité dans la société, afin de la faire changer d&rsquo;avis…</p>
</blockquote>


<div class="wp-block-image">
<figure class="aligncenter size-full"><img loading="lazy" decoding="async" width="1386" height="800" src="http://www.paroleetcoupdetheatre.fr/wp-content/uploads/2024/11/enfant.jpg" alt="" class="wp-image-2033" srcset="https://www.paroleetcoupdetheatre.fr/wp-content/uploads/2024/11/enfant.jpg 1386w, https://www.paroleetcoupdetheatre.fr/wp-content/uploads/2024/11/enfant-300x173.jpg 300w, https://www.paroleetcoupdetheatre.fr/wp-content/uploads/2024/11/enfant-1024x591.jpg 1024w, https://www.paroleetcoupdetheatre.fr/wp-content/uploads/2024/11/enfant-768x443.jpg 768w" sizes="auto, (max-width: 1386px) 100vw, 1386px" /></figure>
</div>


<blockquote class="wp-block-quote is-layout-flow wp-block-quote-is-layout-flow">
<p><strong>Atelier Adolescents </strong></p>



<h2 class="wp-block-heading">La Vraie Fiancée D&rsquo;Olivier PY </h2>



<p><strong><em>Une histoire d&rsquo;amour lyrique, faite d&#8217;emprunts aux contes des frères Grimm mais également aux classiques du théâtre. </em></strong></p>



<p>Cela fait un an que la mère de la Jeune Fille est morte, et ce jour-là, le Père revient avec sa nouvelle épouse. La Marâtre impose à la Jeune Fille des épreuves impossibles avant de la chasser dans la forêt. La Jeune Fille y rencontre le Prince, qui promet de revenir bientôt la chercher pour l&rsquo;épouser. Mais il croise la route de la Marâtre, qui lui fait boire l&rsquo;eau de l&rsquo;oubli. Après de nombreux… </p>



<p><strong>Atelier Jeunes </strong></p>



<h2 class="wp-block-heading">La Ballade des planches De Jean-Paul Alègre </h2>



<p><strong><em>Les saynètes tour à tour humoristiques, piquantes, colorées et poétiques qui composent « La Ballade des planches » sont un brillant hommage rendu au théâtre.</em></strong> </p>



<p>En une série de courtes pièces, La Ballade des planches visite l’univers du théâtre. Au rythme des saisons théâtrales s’enchaînent les scènes de répétitions des comédiens, les derniers préparatifs avant de monter sur les planches, les ultimes raccords d’un metteur en scène capricieux mais aussi la complainte d’un tube de fond de teint égaré, la danse d’un vieux rideau affolé, d’un costume ensorcelé et de bien d’autres accessoires encore…</p>
</blockquote>


<div class="wp-block-image">
<figure class="aligncenter size-full"><img loading="lazy" decoding="async" width="1385" height="917" src="http://www.paroleetcoupdetheatre.fr/wp-content/uploads/2024/11/preado.jpg" alt="" class="wp-image-2031" srcset="https://www.paroleetcoupdetheatre.fr/wp-content/uploads/2024/11/preado.jpg 1385w, https://www.paroleetcoupdetheatre.fr/wp-content/uploads/2024/11/preado-300x199.jpg 300w, https://www.paroleetcoupdetheatre.fr/wp-content/uploads/2024/11/preado-1024x678.jpg 1024w, https://www.paroleetcoupdetheatre.fr/wp-content/uploads/2024/11/preado-768x508.jpg 768w" sizes="auto, (max-width: 1385px) 100vw, 1385px" /></figure>
</div>

<div class="wp-block-image">
<figure class="aligncenter size-full is-resized"><img loading="lazy" decoding="async" width="1385" height="917" src="http://www.paroleetcoupdetheatre.fr/wp-content/uploads/2024/11/ado.jpg" alt="" class="wp-image-2036" style="width:1143px;height:auto" srcset="https://www.paroleetcoupdetheatre.fr/wp-content/uploads/2024/11/ado.jpg 1385w, https://www.paroleetcoupdetheatre.fr/wp-content/uploads/2024/11/ado-300x199.jpg 300w, https://www.paroleetcoupdetheatre.fr/wp-content/uploads/2024/11/ado-1024x678.jpg 1024w, https://www.paroleetcoupdetheatre.fr/wp-content/uploads/2024/11/ado-768x508.jpg 768w" sizes="auto, (max-width: 1385px) 100vw, 1385px" /></figure>
</div>

<p>Spectacles adultes en deux mouvements &#8211; Vendredi 13 Juin 2025 &#8211; 20h30 Théâtre Jean Piat &#8211; Canet-en-Roussillon &#8211; Tarif 7€ sur réservation au  06 24 45 28 32Places numérotées &#8211; Gratuit au moins de 12 ans.Billetterie sur place le jour de la représentation (paiement par chèque ou espèces uniquement) Les pas perdus de Denise [&hellip;]</p>
